*i**2. What is k(0)?
5
Let t(n) = -7*n**3 - n**2 + n + 1. Suppose -o - 7 - 14 = 4*h, o + 5*h + 26 = 0. Give t(o).
6
Let d(g) be the first derivative of 1 + 5*g - 1/2*g**2. Determine d(5).
0
Suppose -3*a = -12, 5*s + 0*a = -a + 24. Let i(r) = r - 1. Calculate i(s).
3
Let w(y) = -y**3 - 3*y**2 + 2. Let g be w(-3). Suppose 0*t - 4*t + 12 = 0. Let u(x) = 4*x + 1 - 2*x - t*x. What is u(g)?
-1
Let z(y) be the second derivative of y**4/12 - 7*y**3/6 + y**2 + 19*y. Calculate z(5).
-8
Let i be 6/(-27) + (-152)/(-36). Suppose g - 5 - 3 = -i*z, 3*z - 3*g = 21. Let b(x) = -x + 2. Let n(a) = 5*a - 9. Let h(c) = 18*b(c) + 4*n(c). Determine h(z).
6
Let m(u) = 3*u. Suppose -i - 4 - 11 = 0. Let b be 9/i - (-8)/5. Calculate m(b).
3
Let c(j) = -4*j**3 + j**2 - 1. Let x = 6 + -5. Give c(x).
-4
Let d(v) = -v**3 + v**2 + 9*v + 9. Let l(y) = -y**3 + y**2 + 8*y + 8. Let n(o) = -5*d(o) + 6*l(o). What is n(3)?
-6
Let y(x) = x**2 + 5*x - 1. Let c be y(-6). Let o(n) = -n + 12. Calculate o(c).
7
Let r(q) be the first derivative of 3*q**2 + q + 8. What is r(-2)?
-11
Suppose -q = 2*d - 6, 0 = 2*q + 3*q - 4*d - 30. Let f(t) = t**3 - 7*t**2 + 7*t - 7. What is f(q)?
-1
Let a(i) = 7 + i**2 - 8 - 1 - 6*i. Determine a(5).
-7
Let f(j) = -j - 3. Suppose -g = -6 + 1. Determine f(g).
-8
Let i = 6 - 3. Let k(f) = -1 - i*f - 3*f + 5*f. Calculate k(1).
-2
Let a(t) = 0*t + 0*t + 2*t + 6. Suppose 0 = 5*j + 16 + 14. Determine a(j).
-6
Let n(j) = -3*j - 5. Suppose 3 = -4*l - 4*i - 13, -l + 3*i - 20 = 0. Let q be (2 - (-9)/(-6))*l. Determine n(q).
7
Let t = 3 - 1. Suppose -t*n = 17 - 15. Let p(z) = -6*z - 1. Calculate p(n).
5
Suppose 3*s - 2*g = -19, -5*g + 18 = -s - 2*g. Let a(w) = 5*w**2 - 4*w - 2. Let p(x) = -2*x**2 + 2*x + 1. Let o(k) = 3*a(k) + 7*p(k). Give o(s).
4
Suppose 0 = -12*x + 8*x. Let t(j) be the second derivative of j**5/20 + j**4/12 + j**3/6 - 2*j**2 - 2*j. What is t(x)?
-4
Let n = 134 - 130. Let w(b) = 3*b - 2. Give w(n).
10
Suppose 0 = 2*z + 3*z - 35. Suppose -7 = -4*c + 1. Let y(f) = 1 + 2 + f**2 + c - z*f + 0*f**2. Determine y(6).
-1
Let y(c) = c. Let m be y(1). Let j(g) be the first derivative of g**4/4 - 2*g**3/3 + g**2/2 - 1. Calculate j(m).
0
Let d(h) = -2*h**2 + 2*h + 2. Suppose 4 = 5*a - 11. Let u be 2/(-10) + (-338)/(-65). Let g = u - a. Calculate d(g).
-2
Suppose -4*z + 4*h - h = 12, -16 = -z - 4*h. Suppose z*x - 3 = 3*x. Let w(b) = -3*b + 1. Calculate w(x).
4
Let h(j) = -j**3 + 6*j**2 + 2*j - 6. Suppose 0 = -3*b - 2*r + 28, b - r - 3*r + 14 = 0. Let g(m) = m. Let d be g(b). Calculate h(d).
6
Let a(h) = -5*h**2 + 1. Let j = 0 + 1. Let d = j + -1. Let q be d - (2 + 1/(-1)). Calculate a(q).
-4
Let z be 2615/15 + 2/3. Let l(c) = -175*c + z*c + c**3 - 10. Let g(m) = m**2 + 4*m. Let d be g(-4). Calculate l(d).
-10
Let d(t) = -7*t + 8. Let j(p) = 6*p - 7. Let a(k) = 5*d(k) + 6*j(k). Give a(-4).
-6
Let o(n) = -n**2 - 4*n + 1. Let a(k) = k**2 + 3*k - 2. Let p(l) = 4*a(l) + 3*o(l). Calculate p(-4).
11
Let u(b) be the first derivative of -b**3/3 + 3*b**2/2 + 2*b - 1. Let j = 7 - -1. Let n = 13 - j. Calculate u(n).
-8
Let w(y) = -9*y - 1. Suppose -4*n - 46 = -2*n. Let h = n - -22. Calculate w(h).
8
Let k(a) = -2*a**3 + 2*a**2 - 1. Let g(z) = z**2 - 5*z + 1. Let y be g(6). Let q(x) = x**3 - x**2 + 1. Let w(i) = y*q(i) + 4*k(i). Determine w(0).
3
Let i(v) = -v - 4. Let u be i(-7). Suppose 10*k - 7*k - 6 = 0. Let l(f) = -f**u - 7*f + 5*f**2 + 2*f - k - f + 3. Calculate l(4).
-7
Suppose 6*m = 4*m + 10. Let b = 0 - -1. Let n(g) = -b - 2*g + 2 + 3 + 3*g. What is n(m)?
9
Let w(u) = -u**2 - 5 + 3 - 5*u + 1. Let j = 77 + -80. What is w(j)?
5
Let q be 254/(-8) + 1/(-4). Let p be q/12 + 1/(-3). Let g(k) = k**2 + 2*k - 1. Determine g(p).
2
Let b(s) = -s**2 + s + 1. Suppose 17 = -4*d + 2*q - 1, 2*q = -4*d + 2. Determine b(d).
-5
Let a(m) = 2*m - 3. Let d(j) = -7*j + 2*j + 3*j + 3 + 0*j. Let f(s) = 2*a(s) + 3*d(s). What is f(-3)?
9
Let v(z) = z**3 - 4*z**2 + z - 3. Let n(a) = -a**2 - 1. Let h(g) = -2*n(g) - v(g). Calculate h(6).
-1
Suppose -6*j = -j - 15. Let p(g) be the third derivative of 0*g**5 + 0 - 7/120*g**6 + 0*g - 1/6*g**j + g**2 + 1/12*g**4. Determine p(1).
-6
Let i(m) be the third derivative of m**6/120 + m**5/30 + m**4/8 + m**3/3 - 7*m**2. Calculate i(-2).
-4
Let y = 2 + 2. Let s(w) = 2*w + y - 7 - 4*w. Calculate s(-4).
5
Suppose -3 = -b - 2*b. Let l(w) = -3 - 6*w + 1 - w**2 + b. Determine l(-5).
4
Let m(j) = -4*j + 21. Let i be m(7). Let v(k) = -4*k - 4. Calculate v(i).
24
Let h(a) = 4. Let r(q) = 5. Let g(s) = -4*h(s) + 3*r(s). Let y(t) = -5*t - 1. Let b(l) = g(l) - y(l). Give b(1).
5
Let n(m) = 10*m**3 - 8 + m**2 + 4 - 3*m**2. Let s(x) = 10*x**3 - x**2 - 3. Let y(d) = -2*n(d) + 3*s(d). Determine y(-1).
-10
Let b = 6 + -9. Let v(t) = -t - 1. Let j(q) = -q**2 - 5*q - 2. Let k(u) = -j(u) + 3*v(u). What is k(b)?
2
Let j(g) = -8*g**2 - g + 2. Suppose 22 + 3 = 5*x. Let o(h) = 17*h**2 + h - 3. Let n(u) = x*j(u) + 3*o(u). Give n(1).
10
Let u(f) = f**2 - 5*f - 3. Let x = 51 - 47. Give u(x).
-7
Let w(h) = -h**3 - 6*h**2 - 5*h + 2. Let f be w(-5). Let d(q) = 8 + q**3 - f*q**3 + 2*q**3 - q**2. Suppose 5*p + 10 = 7*p, 2*y + 3*p - 15 = 0. What is d(y)?
8
Let n(d) = -d**3 - 2*d - 2. Suppose -4*f - 24 = 3*k, 0 = -2*k + 4*k + 8. Let b be -1 - (f/3)/(-1). Determine n(b).
10
Let n be (-6)/4 - (-28)/8. Suppose 6*b = n*b - 4, -5*a - b = 16. Let u(r) = -r**3 - 2*r**2 + 4*r + 1. Determine u(a).
-2
Suppose 4*v = -3*u + v + 12, -5*u - 2*v = -14. Suppose -2*i - 4*k = i - 8, 0 = u*i + 2*k - 2. Let w be i*(2 - 9/6). Let f(d) = 2*d**2 + 2*d - 1. Give f(w).
3
Let p(k) = k**2 + 7*k + 6. Let x be p(-6). Suppose -5*j + 3*j + 12 = x. Let r(n) = -4*n + 1 + 7*n + 2*n + j*n. What is r(-1)?
-10
Let a(n) = -7*n**2 - 6*n - 3. Let j(h) = -h**2 - 1. Let y(x) = -a(x) + 6*j(x). Determine y(-7).
4
Suppose 5*i = 15 + 25. Let g = -4 + i. Let a(s) = 2*s - 2. Give a(g).
6
Let s(q) = 1. Let m(t) = -t - 1. Let i(b) = -m(b) - s(b). Let k(f) = f**3 - f - 4. Let r be k(0). Determine i(r).
-4
Let y(m) = m**3 - 5*m**2 + m - 1. Let c = 18 + -13. What is y(c)?
4
Let l(p) be the first derivative of 6*p - 1/3*p**3 - 3/2*p**2 - 2. Suppose 2*w = -a + 3*a + 16, -2*a - 2*w - 4 = 0. What is l(a)?
-4
Let q(l) = l**3 + 7*l**2 + 7*l + 7. Let t = -7 + -3. Let y be t*((-16)/(-5))/(-2). Let o = 10 - y. What is q(o)?
1
Let n(i) = -i**3 - 6*i**2 - i - 2. Let l be 4*(-3 + 5 + -3). Let m(p) = -p - 10. Let k be m(l). What is n(k)?
4
Let a(v) be the first derivative of 2*v**3/3 + 3*v**2 - 21. Let g be -3 + -2 - 1/(-1). Determine a(g).
8
Let h(u) = -4 + 6*u**2 - 6*u - 4*u**2 - 3*u**2. Suppose 2*i + 6 = -z - 0*z, -3*i + z = 14. Determine h(i).
4
Let h(w) = -w**3 + 8*w**2 + 11*w - 12. Let u be (-7 + -11)*2/(-4). Give h(u).
6
Let i(o) be the second derivative of o**6/120 + o**5/30 - o**4/12 - o**3/6 + 3*o**2/2 - 3*o. Let m(n) be the first derivative of i(n). What is m(-2)?
3
Let b be 0*3/6 - 0. Let r(j) = b*j - j - 10*j**2 + 0*j. What is r(-1)?
-9
Let v(o) be the third derivative of -2/3*o**3 - 2*o**2 + 0 + 0*o - 1/120*o**6 - 5/24*o**4 - 1/15*o**5. Give v(-3).
2
Let y be (0 - -2) + 6 + -6. Let p be 4/(-10) - (-2)/5. Let a(q) = -2*q**y + p*q**3 - q + 2*q**3 + 4*q**2 - 5*q**3. What is a(1)?
-2
Let b(y) = -10*y**3 + 8*y**2 + 12*y + 13. Let g(z) = -7*z**3 + 5*z**2 + 8*z + 9. Let n(w) = 5*b(w) - 7*g(w). What is n(6)?
-10
Let m = -9 - -12. Let s(w) = 4*w + 1. Give s(m).
13
Let x(v) = -v**3 - 4*v**2 + 1. Let o be 69/(-9) + (-4)/(-6). Let z = -10 - o. Calculate x(z).
-8
Let m(p) = -p - 1. Suppose 0*z - 2*z = 2*n - 6, 3*n + 5*z = 3. Give m(n).
-7
Let x(p) be the third derivative of p**7/2520 - p**6/240 - 2*p**5/15 - p**2. Let f(i) be the third derivative of x(i). Let m be -3*((-1)/3 + -1). Give f(m).
5
Suppose 2*q = 2*g - 3 + 13, -q = 3*g - 9. Suppose -3 - q = 3*r. Let u(v) = v**3 + 3*v**2 + 2*v + 1. Give u(r).
-5
Let z(w) = -1 + 1 + 4*w - 5 + 0. What is z(4)?
11
Let i be 42/8*(-56)/21. Let h = -8 - i. Let l(o) = -o + 7. What is l(h)?
1
Let u(j) = 2*j - 3. Let l = 1 + 4. Let f(t) = -2*t + 2 - l + 5*t. Let a(v) = 3*f(v) - 4*u(v). What is a(-4)?
-1
Let x(i) be the third derivative of -2*i**2 + 0 + 1/120*i**6 + 1/24*i**4 + 0*i - 2/3*i**3 - 1/10*i**5. Calculate x(6).
2
Suppose -3*l = 6 + 6. Suppose -2*i + 2*f - 2 = 0, -5*i + 0*f + 13 = f. Let z(x) = -4*x + x**i 